test common factor of d and 90?
45
Let g be 143/39 - 4/6. Suppose g*c = 7*c - 48. Let o be (-47)/(-4) + 16/64. What is the highest common factor of o and c?
12
Let k be (-6 - (-66)/10) + (-110)/(-25). Calculate the highest common factor of 2840 and k.
5
Suppose 0 = -2*j + 43 + 5. Suppose -22*q = -j*q. Suppose -12*y + 16*y - 120 = q. Calculate the highest common divisor of 12 and y.
6
Let z(v) = 10*v**3 - 3*v. Let t(i) = -i**3 + 4*i**2 - i - 3. Let r be t(2). Let f be z(r). Let a = -142 + f. Calculate the greatest common factor of 34 and a.
17
Let l = -9039 - -9279. Calculate the highest common factor of l and 300.
60
Let q = -8405 - -15041. Calculate the greatest common factor of q and 12.
12
Let t be 7 + (((-20)/(-3))/5)/(18/(-54)). Calculate the greatest common factor of 32 and t.
1
Let g(y) = -y**3 - 19*y**2 - 14*y + 110. Suppose -15 + 105 = -5*u. Let w be g(u). Suppose 0*v + 1710 = 5*v. Calculate the highest common divisor of v and w.
38
Suppose -5*w + 3131 = u, 4*u + u - 2509 = -4*w. Let z = -246 + w. Let t be (-6)/7*133/(-3). What is the highest common divisor of z and t?
38
Let i = -10 + 45. Suppose -t = 16 - 23. Let y be (720/i - (-3)/t) + -1. What is the greatest common divisor of 60 and y?
20
Let s = -197 - -198. Let k = 2 + 1. Let r be ((-21)/9)/((-1)/k). Calculate the highest common divisor of r and s.
1
Let c be (-19)/2*28/(-2). Let r = -161254 - -161349. Calculate the highest common factor of r and c.
19
Suppose -1445 = 7*l - 9*l - 3*z, 5*l + z - 3580 = 0. Calculate the highest common divisor of l and 44.
11
Let y(w) = -8*w**2 - 166*w + 45. Let j be y(-21). Suppose 24 = -0*k + 4*k. Calculate the highest common factor of k and j.
3
Suppose -282*k + 8729 + 27605 = 209*k. Let c = -2 + 113. What is the greatest common divisor of c and k?
37
Let s be ((-58464)/9)/(-29) + 0 + 1 + 3. What is the highest common divisor of s and 817?
19
Suppose 0 = 61*n - 45*n - 1488. Calculate the greatest common factor of n and 21.
3
Let w = -135 - -139. Let c be 37 + w*2/(-8). What is the highest common divisor of c and 396?
36
Suppose -2*b - 10 = 0, 0 = 5*h - 0*b + b - 5. Let p be (h/(-4))/((-1)/14) + -3. Suppose 35*c - p = 33*c. What is the highest common divisor of c and 6?
2
Let l = -1882 - -2917. Calculate the greatest common divisor of 460 and l.
115
Suppose -95*x - 382*x = 111*x - 49980. Suppose 4*z + u = -142 + 343, 4*z - 198 = -2*u. What is the highest common factor of x and z?
17
Let d be (-63)/2*1411/17*2/(-3). Calculate the greatest common factor of d and 84.
21
Let s(c) = -23*c + 3 - 2 - 5. Let d be s(-5). Suppose 6*j - d = 129. Calculate the greatest common factor of j and 5.
5
Let q = 18 + -8. Let m = 62 - 73. Let x(v) = -21*v - 121. Let w be x(m). What is the greatest common divisor of q and w?
10
Suppose 12*p - 21*p + 3492 = 0. Let d = p - 133. Calculate the greatest common divisor of 60 and d.
15
Let w = -131 - -138. Let a(m) = 8*m + 16. Let c be a(w). Calculate the highest common factor of c and 90.
18
Suppose 18*y = -3*i + 22*y + 17, 0 = -4*i + 3*y + 32. Suppose v - 32 = -2*x, v + 7*x - 20 = i*x. What is the highest common factor of v and 350?
14
Let q = -151 - -166. Suppose 5*a = -q - 0, 4*k + 2*a - 358 = 0. Calculate the greatest common divisor of 77 and k.
7
Suppose -8*t - 267 = -907. Suppose -8*u = -t - 320. Suppose 0 = -4*b + 37 + 3. What is the highest common factor of u and b?
10
Suppose -2*y - 52 + 438 = 2*i, -4*i + y = -747. Suppose 2*j - 38 = -2*o + 68, 2*j = 4*o - i. Calculate the highest common divisor of o and 637.
49
Suppose 5*n = -284 + 89. Let x be (1 + 41)/(-3)*(n - -16). Calculate the highest common divisor of 28 and x.
14
Suppose 4*w + 3*n = 19, 0 = 7*w - 5*w + 3*n + 1. Let l be ((-6)/4)/(3/(-6)). Let m be (20/l)/(4/30). What is the greatest common factor of w and m?
10
Let d(z) = 4*z - 20. Let n be d(5). Suppose 5*w + 53 = 2*h - n*h, -50 = -2*h + 2*w. Calculate the highest common divisor of h and 156.
12
Let h be (-4)/(15/10 - 1). Let i be (((-32)/3)/h)/((-4)/(-9)). Suppose -i*c - 3*c = -450. Calculate the greatest common divisor of 15 and c.
15
Let n(k) = 3*k**2 - 114*k - 117. Let g be n(39). Suppose -3*y + j + 22 = -j, y + j + 1 = 0. Suppose y + g = i. What is the greatest common factor of i and 4?
4
Let m = 995 - -3165. Calculate the highest common factor of 312 and m.
104
Let j be (80/90)/2 + (-1508)/(-9). Suppose j = -5*x + 553. Calculate the highest common divisor of x and 847.
77
Suppose -5*a - 739 = -3*v, 3*v + 10*a = 4*a + 783. Let y(u) = u**3 + 13*u**2 + 13*u + 23. Let n be y(-12). Calculate the greatest common factor of n and v.
11
Let p = -4244 + 4865. What is the greatest common factor of p and 391?
23
Let d = -1362 + 1602. What is the greatest common factor of 8040 and d?
120
Suppose -k - 209 = -577. Let y(d) = 64*d - 1956. Let z be y(32). Calculate the highest common factor of k and z.
92
Let a be (64/5)/(580/1450). Calculate the highest common divisor of a and 624.
16
Suppose 4*i - 921 = -3*k, -k = 2*i + 2*k - 459. Suppose 0 = g - 5*v - 56, g - 31 = 4*v + 18. Calculate the greatest common divisor of g and i.
21
Let b(a) = a**3 - 2*a**2 + 17*a + 20. Let i be b(0). Calculate the greatest common divisor of 270 and i.
10
Let x(i) = -13*i + 106. Let h be x(8). Let d be (-19 - -18)*(-19 - -2). What is the greatest common factor of h and d?
1
Suppose -1914781 = -451*z - 283965. What is the highest common divisor of z and 1130?
226
Suppose -1184 = -3*o - 239. Let j be (o/135)/((-2)/(-174)). What is the highest common factor of j and 7?
7
Let d be 2/10 - 48/(-10). Suppose -144 = -d*u + 76. Suppose -6*a + 3*x + 538 = -a, 3*x + 318 = 3*a. Calculate the greatest common divisor of a and u.
22
Let c = -19040 - -61988. What is the highest common divisor of 12 and c?
12
Let n(o) = 6*o + 44. Let f be n(-7). Suppose 0*p - 4*p = f*c - 58, 2*c = 5*p - 95. What is the highest common divisor of 221 and p?
17
Suppose r - 17094 = -0*r - 6402. What is the greatest common factor of 198 and r?
198
Let t(x) = 42*x - 54. Let q be t(4). What is the greatest common factor of q and 1748?
38
Let q be 2*-1 + (20 - 45)/((-5)/2). Calculate the greatest common divisor of 50 and q.
2
Let c(g) = 10*g**3 - 3*g**2 - 2*g + 1. Let p be c(3). Suppose -6*h - 20 = -7*h - 6*j, 5*j - 75 = -5*h. What is the greatest common factor of h and p?
14
Suppose 0 = 3*f + 18, -2*f = 2*k - 955 + 321. What is the highest common factor of 304 and k?
19
Let l be (-223776)/(-70) + -11 - 2/(-10). What is the greatest common factor of 54 and l?
54
Let x be -1398*2/(-96) - (-10)/(-80). Calculate the highest common divisor of x and 2291.
29
Suppose 21*w + 23*w - 2296 = -120*w. What is the greatest common factor of w and 21154?
14
Let b be (-3)/(-4) + (-1188)/(-144). Suppose b + 31 = 8*z. Let l(m) = -m**3 + 11*m**2 - 3*m + 25. Let n be l(z). What is the highest common factor of 20 and n?
20
Let s = -10 - -22. Let n be 14 + -11*39/(-33). Calculate the highest common divisor of n and s.
3
Suppose 4*r = -504 + 756. Let p be ((-6)/9)/((-6)/27). Let o = 12 - p. Calculate the greatest common divisor of o and r.
9
Let o(u) = 4*u**2 - 4*u + 301. Let v be o(0). What is the greatest common divisor of v and 215?
43
Let a be 84 - (-1 + 0 + 0). Let z(k) = 493*k - 2460. Let d be z(5). What is the highest common factor of a and d?
5
Suppose 5*m + 20 = 0, -47*w + 52*w - 3*m - 1197 = 0. What is the highest common divisor of 1027 and w?
79
Let v be 1/((2/100)/(572/65)). Calculate the highest common factor of v and 1584.
88
Let d be (1 - (-3 - -1)) + -11. Let l be (-8 + 7 - (-18)/(-4))*d. What is the highest common factor of l and 44?
44
Suppose 4*m - 21 = -a, 5 = -5*m - 3*a + 40. Suppose m = -8*d + 84. What is the greatest common factor of d and 8?
2
Let a(o) = -542*o - 2508. Let w be a(-6). Calculate the highest common divisor of 1680 and w.
24
Suppose 0 = 5*d - 5*h - 7671 - 26129, 20284 = 3*d - h. What is the highest common factor of 69 and d?
69
Let z = -8 + 25. Let b = 359 - 666. Let f = b + 324. Calculate the highest common factor of z and f.
17
Suppose -18*w - 58 = -238. Let y = 53 + w. Calculate the highest common divisor of 441 and y.
63
Let t = 176 - 224. Let w be (3/(t/56))/((-1)/6). What is the greatest common factor of w and 49?
7
Let a(r) = -1754*r + 284. Let u be 